{"id":24,"date":"2020-06-06T13:38:01","date_gmt":"2020-06-06T13:38:01","guid":{"rendered":"http:\/\/logopaedie-theobald.de\/?page_id=24"},"modified":"2020-06-06T14:20:00","modified_gmt":"2020-06-06T14:20:00","slug":"kontakt","status":"publish","type":"page","link":"https:\/\/www.logopaedie-theobald.de\/?page_id=24","title":{"rendered":"Kontakt"},"content":{"rendered":"\n<p>Wir sind\u00a0f\u00fcr Sie in der Zeit von Montags bis Samstags von 8 Uhr bis 19 Uhr erreichbar.<\/p>\n\n\n\n<p>Bitte haben Sie Verst\u00e4ndnis daf\u00fcr, dass w\u00e4hrend der Therapien keine Anrufe entgegengenommen werden k\u00f6nnen. Sie k\u00f6nnen aber gerne eine Nachricht auf dem Anrufbeantworter hinterlassen,\u00a0wir werden\u00a0Sie schnellstm\u00f6glich zur\u00fcckrufen.<\/p>\n\n\n\n<p>So erreichen Sie uns:<\/p>\n\n\n\n<p>Per Telefon:\u00a006327-6349163<\/p>\n\n\n\n<p>Per E-Mail:\u00a0<a href=\"mailto:kontakt@logopaedie-theobald.de\">kontakt@logopaedie-theobald.de<\/a><\/p>\n\n\n\n<p>oder per Fax: 06327-6349159<\/p>\n\n\n\n<p><\/p>\n","protected":false},"excerpt":{"rendered":"<p>Wir sind\u00a0f\u00fcr Sie in der Zeit von Montags bis Samstags von 8 Uhr bis 19 Uhr erreichbar. Bitte haben Sie Verst\u00e4ndnis daf\u00fcr, dass w\u00e4hrend der Therapien keine Anrufe entgegengenommen werden k\u00f6nnen. Sie k\u00f6nnen aber gerne eine Nachricht auf dem Anrufbeantworter hinterlassen,\u00a0wir werden\u00a0Sie schnellstm\u00f6glich zur\u00fcckrufen. So erreichen Sie uns: Per Telefon:\u00a006327-6349163 Per E-Mail:\u00a0kontakt@logopaedie-theobald.de oder per Fax: &hellip; <\/p>\n<p class=\"link-more\"><a href=\"https:\/\/www.logopaedie-theobald.de\/?page_id=24\" class=\"more-link\"><span class=\"screen-reader-text\">\u201eKontakt\u201c <\/span>weiterlesen<\/a><\/p>\n","protected":false},"author":1,"featured_media":0,"parent":0,"menu_order":0,"comment_status":"closed","ping_status":"closed","template":"","meta":{"footnotes":""},"class_list":["post-24","page","type-page","status-publish","hentry"],"_links":{"self":[{"href":"https:\/\/www.logopaedie-theobald.de\/index.php?rest_route=\/wp\/v2\/pages\/24","targetHints":{"allow":["GET"]}}],"collection":[{"href":"https:\/\/www.logopaedie-theobald.de\/index.php?rest_route=\/wp\/v2\/pages"}],"about":[{"href":"https:\/\/www.logopaedie-theobald.de\/index.php?rest_route=\/wp\/v2\/types\/page"}],"author":[{"embeddable":true,"href":"https:\/\/www.logopaedie-theobald.de\/index.php?rest_route=\/wp\/v2\/users\/1"}],"replies":[{"embeddable":true,"href":"https:\/\/www.logopaedie-theobald.de\/index.php?rest_route=%2Fwp%2Fv2%2Fcomments&post=24"}],"version-history":[{"count":3,"href":"https:\/\/www.logopaedie-theobald.de\/index.php?rest_route=\/wp\/v2\/pages\/24\/revisions"}],"predecessor-version":[{"id":50,"href":"https:\/\/www.logopaedie-theobald.de\/index.php?rest_route=\/wp\/v2\/pages\/24\/revisions\/50"}],"wp:attachment":[{"href":"https:\/\/www.logopaedie-theobald.de\/index.php?rest_route=%2Fwp%2Fv2%2Fmedia&parent=24"}],"curies":[{"name":"wp","href":"https:\/\/api.w.org\/{rel}","templated":true}]}}